1/24*f**4. Calculate p(-5).
2
Let u(h) be the second derivative of h**3/6 + 2*h**2 + 3*h. What is u(-3)?
1
Let a(k) = -k**2 + 7*k**2 + 4*k**3 + 7 - 5*k**3. Suppose -154 = -4*r - 130. Calculate a(r).
7
Let z = 4 + -5. Let r = -1 - z. Let v(l) = -4 + 3 + r + 6*l**3. Calculate v(1).
5
Let h(q) = 7*q + 7. Let k(g) = 18 - 4*g + g - 22. Let c(n) = 2*h(n) + 5*k(n). Determine c(0).
-6
Let f(i) = -i**3 - i**2 - i + 2. Let n = -16 + 17. Suppose -x + 3 - n = 0. Calculate f(x).
-12
Let x(l) = -l**3 - 8*l**2 + 8*l + 2. Let m be 108/8*(-6)/9. Give x(m).
11
Let k be (-3)/6 + 12/(-8). Let g(v) = v**3 + v**2 - 2*v - 3. Calculate g(k).
-3
Let b(s) be the second derivative of 1/120*s**5 + s + 1/24*s**4 + 0 + 1/6*s**3 - 1/360*s**6 + 0*s**2. Let z(k) be the second derivative of b(k). What is z(-1)?
-1
Let g(m) be the third derivative of -m**4/4 - m**3/2 + 3*m**2. Determine g(4).
-27
Let i(s) = -3*s**3 - 15*s**2 - 17*s + 13. Let y(d) = d**3 + 7*d**2 + 8*d - 6. Let w(x) = 2*i(x) + 5*y(x). Determine w(6).
-4
Suppose -4*i + f = -f + 30, -5*i + f - 33 = 0. Let a(v) = -v**2 - 8*v - 4. Determine a(i).
8
Let l(w) = -9*w**2 + 1 + 28*w**2 + w + w**3 - 5*w - 13*w**2. Calculate l(-7).
-20
Let k = 5 + -8. Let a(x) be the third derivative of x**5/120 - x**4/8 - x**3/6 - x**2. Let i(v) be the first derivative of a(v). What is i(k)?
-6
Let u be (123/164)/(-1*(-1)/4). Let r(m) = -2*m**2 + 2*m + 1. Give r(u).
-11
Let u = 62 + 45. Let a(h) = h**2 - 106 - 2*h + u + 7*h. Give a(-3).
-5
Let o(i) = -i**3 + 7*i - 2*i**2 + 3 - 2*i + 0. Suppose -3*n + 7*n + 44 = 0. Let q = n + 8. What is o(q)?
-3
Let d(y) = -4 + y**2 - 7*y + 3 + 2*y. Suppose 2*o - 22 = -4. Let z = -4 + o. Calculate d(z).
-1
Let t(d) = d**2 - 3*d + 1. Suppose -3 = 3*a + 3*p, 4*a + 2 = 3*p + 5. Suppose -4*z - 2*r + 18 = -a*r, 15 = 2*z + 3*r. Calculate t(z).
1
Let d(x) = x**3 - 7*x**2 + 5*x + 8. Let j be d(6). Let o(k) = -k + 6*k + 1 - j*k. Give o(-2).
-5
Suppose 0 = 13*m - 15*m. Let i(g) = -g**3 + g**2 - 13. Give i(m).
-13
Let l(w) = 5*w**2 - 23*w - 14. Let z(a) = -3*a**2 + 15*a + 9. Let j(r) = -5*l(r) - 8*z(r). Let c = -15 + 9. What is j(c)?
-8
Let b = -9 + 11. Let t(z) = -z**2 - 6*z + 1. Let g(l) = l**2 + 6*l - 1. Let v(y) = b*t(y) + 3*g(y). Determine v(-6).
-1
Suppose 6*m - 20 = -50. Let d(k) = -k - 2. Determine d(m).
3
Let g(q) = -q**2 + 3*q + 3. Let o = -64 - -69. Determine g(o).
-7
Let a(r) = 3*r**2 + r + 4 - 2*r**2 + 0*r**2. Let d(i) = 1. Suppose 2*n = 6*n + 4. Let p(w) = n*a(w) + 6*d(w). Give p(-3).
-4
Let b(k) = -k**3 + 9*k**2 - 8*k - 2. Let w(m) = 8*m**3 + m**2 - 5*m + 4. Let u be w(1). Determine b(u).
-2
Let n(m) = -m**3 + 3. Let s = -9 - -7. Let l be (0/(-1))/(s/(-1)). Give n(l).
3
Let t(j) = -3*j - 14. Let v(s) = 7*s + 29. Let n(h) = -5*t(h) - 2*v(h). Give n(-6).
6
Let x(z) = -9*z. Let n(y) be the third derivative of y**6/120 - y**5/15 - 5*y**4/24 + y**3/6 + 7*y**2. Let c be n(5). What is x(c)?
-9
Let f(a) = -5 + a + 0 + 3. What is f(-4)?
-6
Let x(b) be the third derivative of -1/3*b**4 + 1/60*b**5 + 0 + 0*b + 5/6*b**3 - 3*b**2. Give x(4).
-11
Suppose 5*p - 6 - 4 = 0. Let c(j) = -2*j**2 + 2*j - 2. Calculate c(p).
-6
Let q(c) = -2*c - 1. Suppose 2 = -3*j + j. Suppose -5*f - z - 13 = -f, -5*f - 2*z = 14. Let u = j + f. Give q(u).
9
Let f(o) be the third derivative of o**5/60 - 5*o**4/24 + o**3/2 - 2*o**2 - 7. What is f(4)?
-1
Let r(j) = 6*j**2 - 12*j + 11. Let i(d) = -5*d**2 + 11*d - 10. Let y(s) = 5*i(s) + 4*r(s). What is y(4)?
6
Suppose 22 - 2 = -5*r, w = -2*r - 5. Let m(o) be the first derivative of -1/3*o**w + 1/4*o**4 - 1 - 2*o + 1/2*o**2. Calculate m(0).
-2
Let y be (3 - 6)/(1 - 2). Suppose 4*a = y*a - 6. Let z be (-8)/3*(-9)/a. Let p(t) = t + 5. Give p(z).
1
Let a(k) = -k + 4. Let q(i) = -1. Let j(s) = a(s) + 2*q(s). Let m(r) = 2*r - 4. Let l be 1 + 0 + 0 + 8. Let w(b) = l*j(b) + 4*m(b). Give w(0).
2
Let d be (2/6)/((-14)/(-84)). Let u(n) = 5*n - 1. Give u(d).
9
Let x(d) = 1. Let m(j) = -j**2 + 7*j + 6. Let u(p) = m(p) - 6*x(p). Let a = 20 - 15. Calculate u(a).
10
Let s(l) = -3*l**2 + l**3 - 3 + l**2 + 7*l**2 - 7*l. Let h be s(-6). Let z(v) = -4*v**2 + 3*v + 3*v + v**h - 3*v + 6 - 2*v**3. Calculate z(-4).
-6
Let k(m) = 4*m + 1. Let w(r) = 2*r - 1 - r - 4*r. Let d(a) = 2*k(a) + 3*w(a). Calculate d(4).
-5
Let i = -5 - -4. Let h(w) = 1. Let q(k) = k**2 - 3*k - 4. Let x(c) = i*q(c) - 5*h(c). Let p be (1/1)/(1/4). What is x(p)?
-5
Let k(c) = -5*c**2 - c. Suppose 1 = -5*x - 4. Let w = x - 0. Give k(w).
-4
Let d(f) = -f**2 + 4*f - 4. Let c(m) = -2*m**2 + 7*m - 7. Let r(g) = -3*c(g) + 5*d(g). Give r(1).
1
Let z(s) = -3*s**2 + s + 1. Let g = 25 + -23. Calculate z(g).
-9
Let j(x) = -4*x - 14. Let c be j(-4). Let d(v) be the second derivative of 0*v**3 + 1/2*v**c - v + 0 - 1/3*v**4. Determine d(-1).
-3
Let j(v) = v**2 + 6*v + 5. Let u(t) = -t**2 - 1. Let i(k) = j(k) + 2*u(k). What is i(6)?
3
Let k(u) = -u**2 + 5*u - 2. Suppose 4*o = 2*t - 6, -t - 2*t + 5*o = -10. Give k(t).
-2
Let x(l) = -4*l + 1. Let m(v) = v**3 - 3*v**2 + 2*v + 1. Suppose 0*u = -5*a + 4*u + 15, -a + 4*u = 13. Let t = a + -5. Let s be m(t). Calculate x(s).
-3
Suppose -2*m + 2*d + 12 = 0, 0*m + 4*m = 5*d + 26. Suppose -o - m = -6. Let t(r) = -r**2 + 2 - r**2 - 3 + r**3 + o. Determine t(1).
0
Let n(h) = 4*h + 6. Let s(f) = 3 + 8 - f - 4 + 6*f. Let g(u) = 4*n(u) - 3*s(u). Give g(-5).
-2
Let s be 1/(-7)*(-7)/24. Let y(z) be the third derivative of 0*z + 0 - 3*z**2 + 1/6*z**3 - s*z**4. Calculate y(4).
-3
Let h = -5 - -8. Let m(c) = -2*c + 7*c**2 - 3*c**2 + c**3 - h*c - 2. Suppose 11 = -3*j - 4*g, -2*g + 4*g - 27 = 5*j. What is m(j)?
-2
Let s(b) = -7 - 62*b**2 - 58*b**2 + 4*b + 121*b**2. What is s(-6)?
5
Let g(i) = 3*i**3 - 15*i**2 + i + 4. Let p(b) = b**3 - 5*b**2 + 1. Let f(o) = 3*g(o) - 8*p(o). Let m(j) = -15*j + 78. Let c be m(5). Give f(c).
-5
Suppose -4*p = -5*r - 5*p - 1, 4*p = 4*r - 4. Let g(n) be the third derivative of 3*n**2 + r*n + 0*n**3 + 1/24*n**4 + 0. What is g(4)?
4
Let v(a) = -a**3 + 5*a**2 + 6*a + 6. Let r be v(6). Let j(m) = -m. Determine j(r).
-6
Let a(w) = -w**2 - 4*w + 4. Let u be a(-4). Let m(v) = -v**2 + 4*v - 6. Give m(u).
-6
Suppose 0 = -w - 2 - 5. Let k be w/(-1) - (-4)/(-2). Let g(o) be the second derivative of -o**4/12 + 7*o**3/6 - o**2 + 6*o. Determine g(k).
8
Let y(a) = -a**3 + 6*a**2 - 5*a + 8. Let l = 48 - 42. Give y(l).
-22
Let v(f) be the first derivative of -11*f**3/3 - f + 10. Calculate v(1).
-12
Let d(y) = -3*y**3 - y**2 + 4*y + 1. Let u be 8/4 - 3/1. Let l(k) be the third derivative of k**6/120 + k**2. Let p(a) = u*d(a) - 2*l(a). Give p(-3).
-7
Suppose 2*u - 4 - 2 = 0. Suppose 0 = -2*o + u + 1. Let n be -2 + -3*o/2. Let j(y) = -y**3 - 5*y**2 - 2*y - 4. What is j(n)?
6
Let n(v) = v**2 - 6*v - 7. Suppose -6 + 34 = 4*d. Let l be n(d). Let i(p) be the third derivative of -p**4/24 + 5*p**3/6 + p**2. Calculate i(l).
5
Let i(b) = -4*b + 2. Let y be i(-1). Let t(m) = m**3 - 5*m**2 - 7*m + 2. What is t(y)?
-4
Suppose -6*s = -s + 20. Let b(r) be the second derivative of -r**4/12 - r**3 - 5*r**2/2 + r. What is b(s)?
3
Let k(p) = p**2 + 6*p - 7. Suppose -9*q - 12 = 51. What is k(q)?
0
Let w(r) = -r - 9. Let z(m) = 2*m + 8. Let n(x) = 3*w(x) + 4*z(x). Suppose 0 = -2*c - 5*o + 2, 3 + 7 = 5*o. Calculate n(c).
-15
Let d(b) = -4*b + 4. Suppose 4*o - o + 2*x - 5 = 0, -5*o = 5*x. Give d(o).
-16
Let g(p) be the first derivative of p**2/2 - 1. What is g(7)?
7
Let l(a) = -2*a**3 + a**2. Let v be l(-1). Suppose w - v*w = -4. Let m(t) = 3 + 0 + 0*t - t**w + 3*t - t**2. Give m(3).
-6
Let o(j) = j + 2. Let h be o(3). Suppose q + 35 = -h*p - 4*q, -5*p - 31 = 4*q. Let v(w) = w**2 + w - 2. Give v(p).
4
Let f(t) = -t**3 - 3*t**2 + 4 - t**2 + 1. Let p(j) = j**2 + j - 4. Let y be p(-3). Let v = y + -6. Give f(v).
5
Let j(h) be the first derivative of -1/2*h**2 + 3*h - 1/6*h**3 - 3. Let u(i) be the first derivative of j(i). Give u(5).
-6
Let w(b) be the first derivative of b**6/120 - 3*b**5/20 + 3*b**4/8 - 5*b**3/3 + 2*b**2 - 5. Let u(p) be the second derivative of w(p). What is u(8)?
-2
Let v = 18 - 13. Let c(s) = 0*s + 3*s**3 + 3*s**2 - v*s - 2*s**3 + 4*s + 1. Calculate c(-4).
-11
Suppose -5*k + 4*k + 5 = 0. Let n(i) = -7*i**2 + 17*i - 10. Let q(o) = 10*o**2 - 25*o + 15. Let m(y) = 7*n(y) + 5*q(y). Give m(k).
0
Let j be (-1)/5 + (-616)/(-55).